 by 65?
21
What is the remainder when 186016 is divided by 331?
325
What is the remainder when 6210 is divided by 94?
6
Calculate the remainder when 1819 is divided by 610.
599
What is the remainder when 2699 is divided by 299?
8
Calculate the remainder when 2236 is divided by 830.
576
What is the remainder when 143808 is divided by 394?
392
Calculate the remainder when 1474 is divided by 1404.
70
Calculate the remainder when 8107 is divided by 87.
16
What is the remainder when 5499367 is divided by 107?
102
What is the remainder when 577367 is divided by 38?
33
Calculate the remainder when 17846 is divided by 17780.
66
What is the remainder when 645 is divided by 346?
299
Calculate the remainder when 148746 is divided by 34.
30
What is the remainder when 1767 is divided by 199?
175
Calculate the remainder when 5484 is divided by 214.
134
Calculate the remainder when 24438 is divided by 6106.
14
Calculate the remainder when 6987 is divided by 336.
267
Calculate the remainder when 24835 is divided by 46.
41
Calculate the remainder when 3766 is divided by 214.
128
What is the remainder when 13742 is divided by 37?
15
Calculate the remainder when 6935 is divided by 2301.
32
What is the remainder when 8741 is divided by 2184?
5
What is the remainder when 1210 is divided by 58?
50
Calculate the remainder when 2979 is divided by 72.
27
Calculate the remainder when 48908 is divided by 661.
655
What is the remainder when 139584 is divided by 46525?
9
What is the remainder when 86438 is divided by 404?
386
Calculate the remainder when 2813 is divided by 258.
233
What is the remainder when 7289 is divided by 420?
149
What is the remainder when 71042 is divided by 960?
2
Calculate the remainder when 11715 is divided by 267.
234
What is the remainder when 5157 is divided by 161?
5
What is the remainder when 248 is divided by 153?
95
What is the remainder when 1202620 is divided by 119?
6
What is the remainder when 2478 is divided by 1217?
44
What is the remainder when 39814 is divided by 21?
19
Calculate the remainder when 28752 is divided by 34.
22
What is the remainder when 652948 is divided by 43?
36
What is the remainder when 21095 is divided by 10527?
41
What is the remainder when 24040 is divided by 227?
205
What is the remainder when 133636 is divided by 384?
4
What is the remainder when 6073 is divided by 3?
1
Calculate the remainder when 79722 is divided by 107.
7
Calculate the remainder when 23434 is divided by 16.
10
What is the remainder when 22771 is divided by 31?
17
Calculate the remainder when 193124 is divided by 48277.
16
What is the remainder when 69750 is divided by 13949?
5
What is the remainder when 5860 is divided by 5788?
72
Calculate the remainder when 240357 is divided by 98.
61
Calculate the remainder when 176299 is divided by 22.
13
Calculate the remainder when 943061 is divided by 28.
21
Calculate the remainder when 250849 is divided by 25.
24
Calculate the remainder when 52600 is divided by 58.
52
Calculate the remainder when 31618 is divided by 3941.
90
Calculate the remainder when 29765 is divided by 82.
81
What is the remainder when 64189 is divided by 879?
22
Calculate the remainder when 5277 is divided by 373.
55
What is the remainder when 34769 is divided by 38?
37
Calculate the remainder when 8550 is divided by 610.
10
Calculate the remainder when 10939 is divided by 18.
13
Calculate the remainder when 128860 is divided by 553.
11
Calculate the remainder when 4575 is divided by 36.
3
What is the remainder when 167606 is divided by 209?
197
Calculate the remainder when 2791 is divided by 101.
64
Calculate the remainder when 30443 is divided by 19.
5
Calculate the remainder when 10734 is divided by 1765.
144
Calculate the remainder when 6810 is divided by 265.
185
Calculate the remainder when 9492 is divided by 1577.
30
What is the remainder when 5535 is divided by 309?
282
Calculate the remainder when 25765 is divided by 10.
5
What is the remainder when 7717 is divided by 259?
206
What is the remainder when 17491 is divided by 21?
19
Calculate the remainder when 1050 is divided by 35.
0
What is the remainder when 9165 is divided by 347?
143
Calculate the remainder when 619 is divided by 73.
35
What is the remainder when 3959 is divided by 508?
403
What is the remainder when 5508 is divided by 693?
657
What is the remainder when 69998 is divided by 8748?
14
What is the remainder when 4947 is divided by 2?
1
Calculate the remainder when 376959 is divided by 32.
31
Calculate the remainder when 17323 is divided by 71.
70
What is the remainder when 9534 is divided by 104?
70
What is the remainder when 1579 is divided by 51?
49
What is the remainder when 506 is divided by 10?
6
What is the remainder when 655 is divided by 584?
71
Calculate the remainder when 3207 is divided by 98.
71
What is the remainder when 839209 is divided by 118?
111
Calculate the remainder when 5885 is divided by 576.
125
What is the remainder when 2834 is divided by 422?
302
What is the remainder when 52066 is divided by 92?
86
What is the remainder when 15575 is divided by 121?
87
What is the remainder when 1118 is divided by 257?
90
Calculate the remainder when 132493 is divided by 489.
463
Calculate the remainder when 3132 is divided by 1560.
12
Calculate the remainder when 37473 is divided by 1208.
25
Calculate the remainder when 6156 is divided by 559.
7
What is the remainder when 9431 is divided by 8996?
435
What is the remainder when 1005 is divided by 26?
17
Calculate the remainder when 24860 is divided by 401.
399
Calculate the remainder when 190833 is divided by 18.
15
What is the remainder when 316401 is divided by 32?
17
What is the remainder when 16495 is divided by 4758?
2221
Calculate the remainder when 3710 is divided by 29.
27
What is the remainder when 4167 is divided by 119?
2
What is the remainder when 4193 is divided by 262?
1
Calculate the remainder when 630 is divided by 21.
0
Calculate the remainder when 7544 is divided by 1278.
1154
Calculate the remainder when 289235 is divided by 26.
11
Calculate the remainder when 3270042 is divided by 12.
6
Calculate the remainder when 12650 is divided by 565.
220
Calculate the remainder when 80132 is divided by 110.
52
Calculate the remainder when 3976 is divided by 177.
82
What is the remainder when 2962 is divided by 23?
18
Calculate the remainder when 53998 is divided by 72.
70
Calculate the remainder when 261611 is divided by 107.
103
What is the remainder when 136459 is divided by 64?
11
Calculate the remainder when 637570 is divided by 212518.
16
Calculate the remainder when 9905 is divided by 9776.
129
Calculate the remainder when 7822 is divided by 364.
178
Calculate the remainder when 8656 is divided by 4244.
168
What is the remainder when 78675 is divided by 1036?
975
What is the remainder when 1240 is divided by 7?
1
What is the remainder when 170657 is divided by 57?
56
What is the remainder when 10107 is divided by 908?
119
What is the remainder when 2364 is divided by 25?
14
What is the remainder when 13921 is divided by 229?
181
Calculate the remainder when 6758 is divided by 246.
116
Calculate the remainder when 60429 is divided by 17.
11
What is the remainder when 4238 is divided by 212?
210
Calculate the remainder when 135884 is divided by 2307.
2078
What is the remainder when 9299 is divided by 124?
123
Calculate the remainder when 9164 is divided by 288.
236
Calculate the remainder when 316249 is divided by 13.
11
Calculate the remainder when 6666 is divided by 829.
34
What is the remainder when 51518 is divided by 35?
33
What is the remainder when 26672 is divided by 8889?
5
Calculate the remainder when 16941 is divided by 63.
57
Calculate the remainder when 6758 is divided by 326.
238
Calculate the remainder when 11241 is divided by 312.
9
What is the remainder when 47859 is divided by 25?
9
What is the remainder when 7178 is divided by 3526?
126
Calculate the remainder when 450 is divided by 32.
2
Calculate the remainder when 188550 is divided by 107.
16
Calculate the remainder when 2650 is divided by 123.
67
What is the remainder when 27743 is divided by 12?
11
What is the remainder when 22458 is divided by 40?
18
Calculate the remainder when 17235 is divided 